).
5
Let b = 779 + -778. Let n(c) = 2*c**3 + 3*c - 1. Give n(b).
4
Let l(b) = b**2 - 3*b - 7. Suppose v + v = 32. Suppose 2*s - 3*t - v = 0, 14 = 4*s + 3*t - 0. Calculate l(s).
3
Let z(b) = b + 9. Let u be z(-4). Let f(i) = 58 - 11*i**2 - 57 + u*i**2. Let m = 2 + -1. Calculate f(m).
-5
Let j = -51 + 55. Let r(l) = 3*l - 8. Determine r(j).
4
Let w(p) = -p**3 + 5*p**2 + 6*p + 7. Suppose -n + 51 = -3*l + 2*n, l = -3*n - 1. Let q = l - -9. Let c be q/(1*(-8)/12). Calculate w(c).
7
Suppose -5*q = 5*r - 30, 0 = -5*q + 4*r - 3 - 3. Let u(n) = -n + n**3 + n + 4*n + n + 5 - 7*n**q. Give u(6).
-1
Let u(w) = -8*w - 1. Suppose -2*j + l + 63 = 0, 102 = 3*j - 0*j + l. Let x = j + -34. Determine u(x).
7
Let c be (-3)/(-9 + 3) + (-28)/(-56). Let s(a) be the third derivative of a**2 + 0*a + 1/6*a**3 + 0 - 1/60*a**5 + 0*a**4. What is s(c)?
0
Let q(d) be the second derivative of d**5/20 - 3*d**4/4 + d**3 + 9*d**2/2 + 8*d + 4. What is q(8)?
-7
Suppose -4*t = -0*t + 8. Let k(f) = 12*f - 117. Let q(j) = j - 9. Let x(y) = t*k(y) + 27*q(y). Give x(6).
9
Suppose w = n + 1, -4*w = -3*w + 5*n + 23. Let k(d) = 2*d + 17*d - 16*d + d**2. What is k(w)?
0
Let l = 1056 + -1051. Let b(d) be the second derivative of d**3 + 3*d**2 + 1/20*d**l + 0 - 4*d + 5/12*d**4. Determine b(-4).
-2
Let d(q) = 10*q**2 - 11*q - 4. Let j(f) = -f + 12. Let o be j(5). Let m(t) = -7*t**2 + 7*t + 3. Let p(u) = o*m(u) + 5*d(u). Determine p(4).
-7
Let g(z) = 363 + 3*z**3 - 355 + 26*z**2 - 2*z**3 + 0*z**3. What is g(-26)?
8
Let v = -197 - -186. Let c(y) = -y**3 - 10*y**2 + 13*y + 23. Calculate c(v).
1
Let b(l) be the first derivative of -10*l**3/3 + l**2/2 - l + 18. Let t = -5 + 11. Let k be t/(-2)*2/(-6). What is b(k)?
-10
Let r(p) = -3*p**2 - 111 + 109 + 15 - p. What is r(-4)?
-31
Let g(t) = -t**3 - 2*t**2 + 3*t - 4. Let p be g(-3). Let d(b) be the second derivative of -b**4/12 - 5*b**3/6 - 3*b**2/2 - 3*b. Determine d(p).
1
Let q(a) be the second derivative of a**5/20 - a**4/12 + a**3/3 - 197*a. Give q(0).
0
Let i(x) be the second derivative of x**3/6 - 2*x**2 - 149*x. What is i(-3)?
-7
Let s(h) = -h**3 + 3*h**2 + 3*h - 11. Suppose -129 = -66*g + 23*g. Give s(g).
-2
Let y(k) be the first derivative of 8*k**3/3 + 3*k**2/2 + 2*k - 125. Determine y(-1).
7
Let f(g) = g**2 + 9*g + 1. Let r(n) = n**2 + 10*n + 1. Let h(z) = -4*f(z) + 3*r(z). Suppose 48 = -5*a + 8*a. Suppose -a = 4*i + 4. Determine h(i).
4
Suppose 4*f + 32 = -0*f. Let d(o) be the first derivative of 7/2*o**2 + 1/3*o**3 - 10*o - 6. Calculate d(f).
-2
Let y(w) = -w**3 + w**2 - w - 1. Let v(z) = -16*z**3 + 17*z**3 + 3*z**3. Let i(j) = -v(j) - y(j). Give i(-1).
2
Let u(r) = -16 - 17*r + 66*r**2 + 63*r**2 + 10 + 68*r**2 - 198*r**2. Determine u(-14).
36
Suppose 10 = 2*d + 4*c, -3*c - 40 = 4*d - 7*c. Let k be 0/(-4*(-3)/(-1 + d)). Let s(w) = w**3 + w + 2. Determine s(k).
2
Let c be (-9 - -10)/((-1)/(-2)). Let x(h) = -16*h + 3. Determine x(c).
-29
Suppose 0*b + 1 = 2*i + b, 0 = b - 1. Let c be -1 + (-3 - (i + -1)). Let p be (-5)/15 - (-23)/c. Let g(j) = -j**3 - 7*j**2 + 8*j + 4. Calculate g(p).
4
Let z(q) = -q**3 - q**2 - q. Let h(r) = 3*r**3 + 7*r**2 + 6*r + 3. Suppose -3*g - f - 6 = -0*f, 0 = -4*g + 3*f - 8. Let d(t) = g*z(t) - h(t). What is d(-3)?
-9
Let w(x) = -10*x + 3. Let m(a) = -49*a + 14. Suppose -3*s - 188 = -20. Let y be -1*s/12*3. Let l(d) = y*w(d) - 3*m(d). What is l(1)?
7
Suppose a - 4*x - 36 = -3*a, -5*a - 5*x = -15. Let q(o) = o**2 - 6*o + 6. Let f be q(5). Let p = f - a. Let y(t) = 2*t + 7. Determine y(p).
-3
Let w(n) = n - 2. Let y = -91 - -97. Give w(y).
4
Let c(y) = -5*y**2 + 4*y - 3. Let x(q) = -11*q**2 - 4*q - 7 + 6*q + 7*q. Let a(v) = 7*c(v) - 3*x(v). Give a(1).
-1
Let d(g) be the first derivative of g**4/4 + 3*g**3 + 3*g - 37. Calculate d(-9).
3
Let i = -826 - -822. Let x(z) = -2*z**2 - 7*z - 6. Determine x(i).
-10
Suppose -4*r + 12 = h - 5, 4*r - 3*h = -3. Suppose -4*f + 32 = 2*o, o - r = -2*o + 3*f. Let g(z) = -z**2 + 5*z + 7. What is g(o)?
1
Suppose 2*u + 11 = -13. Let y = u - -6. Let c(f) = -8 + 34*f**2 + 1 - 35*f**2 - 6*f. What is c(y)?
-7
Let v = 1163 - 1168. Let l(i) = i**2 + 11*i + 32. Determine l(v).
2
Let o be 1 + -2 + -13 + 11. Let a(k) = -k**2 - 5*k + 5. Give a(o).
11
Let o(r) = 20 - 52 - 36*r**3 - r**2 + 18 + r + 13. What is o(1)?
-37
Let d(i) = -i**3 - 7*i**2 - 5*i + 6. Let h be 6 + -4 + (-112)/16. What is d(h)?
-19
Let u be (2 + -3)/(2/(12/3)). Let d be u/(-3)*1*(3 + -6). Let l(h) = 2*h**3 - h**2 - h - 2. What is l(d)?
-20
Let y(t) = -11*t**2 + 16*t + 6. Let b(k) = 9*k**2 - 14*k - 5. Let c(d) = -5*b(d) - 4*y(d). Let q(i) = -i**2 + 8*i - 7. Let r be q(6). Calculate c(r).
6
Suppose -3*i = 3 - 24. Suppose i*n + 50 = 8. Let l(k) = -k - 10. Give l(n).
-4
Let v(w) be the second derivative of -w**3/3 + 2*w**2 + 94*w - 1. Give v(5).
-6
Let c(g) = -g**2 + 4*g - 6. Let v be (3/3)/(-1)*5/(-1). Give c(v).
-11
Let i(y) = 5*y + 5 + y - 5*y. Suppose 5*k = 2*r - 4*r - 34, 4*r = 5*k + 52. Give i(k).
-3
Let t(b) = -b**3 - b**2 + 5*b + 3. Let z(p) = p**3 + 13*p**2 + 9*p - 39. Let r be z(-12). Calculate t(r).
6
Let v(z) be the first derivative of -z**3/3 + z**2/2 - 15*z - 7. Let g(b) = -b**3 + 4*b**2 - 6*b + 4. Let m be g(2). Determine v(m).
-15
Let v(s) = -9*s - s**2 - 26 - 17 + 39. Let j(h) = 4*h + 3. Let q be j(-3). Calculate v(q).
-4
Let p(c) be the third derivative of c**5/60 - 13*c**4/24 + 25*c**3/6 - 14*c**2. Let j be p(10). Let l(a) = -a - 9. Calculate l(j).
-4
Let r(s) = 12*s. Let z(p) = 8*p. Let k(f) = -5*r(f) + 7*z(f). Suppose 6*w - 396 + 390 = 0. Determine k(w).
-4
Let n(d) = 102 - 7*d + 114 - 213 + 15*d - d**2. Suppose -4 = -3*s + 11. Calculate n(s).
18
Suppose 5 = f - 2*f. Let z(s) = 5*s**2 + 4*s - 2. Let r(d) = -d**2 + 1. Let x(a) = 4*r(a) + z(a). Give x(f).
7
Let w(c) be the first derivative of 2*c**2 + c + 12. Let z(q) = q - 1. Let x(p) = w(p) - 2*z(p). What is x(-4)?
-5
Let g = 19 - 10. Let b(a) = -2*a + g*a - 6*a - 5. Determine b(6).
1
Let d = 8 - 11. Let o(i) = 0*i + 3*i**2 - 7*i**2 - 5*i - i**3 + i - 3. What is o(d)?
0
Let s(f) be the first derivative of -f**2/2 + 2*f - 51. Let z be s(-1). Let o(c) = 11*c - 2. Calculate o(z).
31
Let q(s) = s**3 - 9*s**2 - 11*s + 4. Let k(g) = g**2 - g - 2. Let h be k(-3). Let c be q(h). Let x(n) = 28*n + 4 - 18*n - 9*n. Calculate x(c).
-2
Let x(l) be the third derivative of 13*l**4/24 - l**3/2 - 195*l**2. What is x(2)?
23
Suppose 5*b - 43 + 16 = -4*h, 2*b - 3*h = -3. Suppose -x + 5 = -v, 2*x - 3*v - b = 10. Let c(q) = -2*q**2 - 12*q**2 - q + q**x. Give c(1).
-14
Let h(r) = -3*r**2 - 2. Suppose -10*m - 4*w + 6 = -5*m, -3*m + 4*w - 22 = 0. What is h(m)?
-14
Suppose 76*q - 74*q = 6. Suppose 10*d - q*d = 0. Let u(t) = t - 9. What is u(d)?
-9
Let t(h) be the second derivative of 41*h + 1/10*h**5 + 0 + 0*h**4 + 1/2*h**2 + 1/6*h**3. Calculate t(-1).
-2
Suppose u = -5, -5*c = -2*u - u - 25. Let d(x) = -2*x**3 + x**2 - x - 1. Calculate d(c).
-15
Let r(u) = 8*u**3 + 2000 - 11*u**2 - 7*u**3 - 1987 + 10*u. Give r(10).
13
Let v(k) = 56 + 7*k + 8*k - 56. What is v(-2)?
-30
Let h(f) = -f**2 - 7*f + 1. Let g(d) = 1. Suppose 6 = 9*o - 8*o. Let c(j) = o*g(j) + h(j). Give c(-9).
-11
Let w(v) = 9*v**3 - v**2 + 2*v - 1. Suppose 0 = 37*g - 58 + 21. Calculate w(g).
9
Let r(v) = -v**3 + 8*v**2 + v - 4. Let c be r(8). Let o(k) = 2*k**2 + 3*k**2 - 2*k**2 + 2 - c*k. Determine o(2).
6
Let p(r) = -r + 1. Let s be p(-3). Let v(n) = -8*n - 5. Let l(d) be the first derivative of 3*d**2/2 + 2*d + 4. Let j(i) = s*v(i) + 11*l(i). Give j(-4).
-2
Let h(q) = 10*q**2 - 2*q - 1. Let w(n) = n**2 + 8*n - 34. Let i be w(-11). Calculate h(i).
11
Let d(x) = x**3 + 6*x**2 + 3. Let a be (1*-1 + (-155)/(-35))*14. Suppose -10*i + 2*i = a. Give d(i).
3
Let i(q) be the third derivative of q**5/60 - 5*q**4/12 + q**3/2 + 280*q**2. Suppose a - 3 - 6 = 0. What is i(a)?
-6
Let m(k) = 269 - k**2 + 279 - 541 - 8*k + k. Calculate m(-8).
-1
Suppose 0 = 20*n + 20 - 100. Let p(k) = -k**3 + 5*k**2 - 3*k. Calculate p(n).
4
Let n(v) = -5*v**2 - 6*v - 15. Let a(l) = 9*l**2 + 13*l + 29. Let s(q) = -4*a(q) - 7*n(q). Calculate s(-8).
5
Let x(b) = -2*b + 6. Let f(n) = -n**2 - 23*n - 31. Let g be f(-22). Let i(l) = l**3 + 8*l**2 - 10*l - 3. Let q be i(g). Determine x(q).
-6
Let s(j) = 11*j**3 - 4*j**2 + 9. Let f(q) = -3*q**3 + q**2 - 2. Let 